{"id":43,"date":"2021-12-29T13:13:44","date_gmt":"2021-12-29T12:13:44","guid":{"rendered":"http:\/\/elancorpsconscience.fr\/?page_id=43"},"modified":"2025-11-01T10:14:18","modified_gmt":"2025-11-01T09:14:18","slug":"agenda","status":"publish","type":"page","link":"https:\/\/elancorpsconscience.fr\/accueil\/agenda\/","title":{"rendered":"Agenda"},"content":{"rendered":"\n<h3 class=\"wp-block-heading\"><mark><mark style=\"background-color:#00d084\" class=\"has-inline-color has-white-color\">Cours collectif bi-mensuel de Sophrologie \u00e0 Ramonville<\/mark><\/mark><\/h3>\n\n\n\n<figure class=\"wp-block-table\"><table><tbody><tr><td>Deux jeudis par mois<\/td><td>de 17h55 \u00e0 18h55<\/td><td>Petite salle Ch\u00e2teau de Soule<\/td><\/tr><\/tbody><\/table><\/figure>\n\n\n<div class=\"wp-block-image\">\n<figure class=\"aligncenter size-large is-resized\"><img loading=\"lazy\" decoding=\"async\" width=\"724\" height=\"1024\" src=\"https:\/\/elancorpsconscience.fr\/wp-content\/uploads\/2025\/07\/Planning-des-cours-de-Sophrologie-724x1024.jpg\" alt=\"\" class=\"wp-image-1888\" style=\"width:561px;height:auto\" srcset=\"https:\/\/elancorpsconscience.fr\/wp-content\/uploads\/2025\/07\/Planning-des-cours-de-Sophrologie-724x1024.jpg 724w, https:\/\/elancorpsconscience.fr\/wp-content\/uploads\/2025\/07\/Planning-des-cours-de-Sophrologie-212x300.jpg 212w, https:\/\/elancorpsconscience.fr\/wp-content\/uploads\/2025\/07\/Planning-des-cours-de-Sophrologie-768x1086.jpg 768w, https:\/\/elancorpsconscience.fr\/wp-content\/uploads\/2025\/07\/Planning-des-cours-de-Sophrologie-1086x1536.jpg 1086w, https:\/\/elancorpsconscience.fr\/wp-content\/uploads\/2025\/07\/Planning-des-cours-de-Sophrologie-42x60.jpg 42w, https:\/\/elancorpsconscience.fr\/wp-content\/uploads\/2025\/07\/Planning-des-cours-de-Sophrologie.jpg 1414w\" sizes=\"auto, (max-width: 724px) 100vw, 724px\" \/><\/figure>\n<\/div>\n\n\n<p><\/p>\n\n\n\n<h3 class=\"wp-block-heading\"><mark style=\"background-color:#00d084\" class=\"has-inline-color has-white-color\">Stages-ateliers de sophrologie, de qi gong \u00e0 Ramonville<\/mark><\/h3>\n\n\n\n<p>Les ateliers-stages sont dispens\u00e9s la plupart du temps au Chateau de Soule. <\/p>\n\n\n<div class=\"wp-block-image\">\n<figure class=\"aligncenter size-large is-resized\"><img loading=\"lazy\" decoding=\"async\" width=\"819\" height=\"1024\" src=\"https:\/\/elancorpsconscience.fr\/wp-content\/uploads\/2025\/10\/Programme-des-stages-2025-2026-2-819x1024.jpg\" alt=\"\" class=\"wp-image-2025\" style=\"width:517px;height:auto\" srcset=\"https:\/\/elancorpsconscience.fr\/wp-content\/uploads\/2025\/10\/Programme-des-stages-2025-2026-2-819x1024.jpg 819w, https:\/\/elancorpsconscience.fr\/wp-content\/uploads\/2025\/10\/Programme-des-stages-2025-2026-2-240x300.jpg 240w, https:\/\/elancorpsconscience.fr\/wp-content\/uploads\/2025\/10\/Programme-des-stages-2025-2026-2-768x960.jpg 768w, https:\/\/elancorpsconscience.fr\/wp-content\/uploads\/2025\/10\/Programme-des-stages-2025-2026-2.jpg 1080w\" sizes=\"auto, (max-width: 819px) 100vw, 819px\" \/><\/figure>\n<\/div>\n\n\n<p>Attention, les stages de sophrologie du 29 novembre et du 20 juin seront dispens\u00e9s \u00e0 la salle Picasso. La salle pour le stage d&rsquo;auto-massages du qi gong du 11 avril sera \u00e0 reconfirmer.<\/p>\n\n\n\n<p>Le stage de qi gong du 22 mars la salle sera \u00e0 reconfirmer.<\/p>\n\n\n\n<p><\/p>\n\n\n\n<h3 class=\"wp-block-heading\"><mark style=\"background-color:#00d084\" class=\"has-inline-color has-white-color\">Cours collectif de Hatha-Yoga \u00e0 Ramonville<\/mark><\/h3>\n\n\n\n<figure class=\"wp-block-table\"><table><tbody><tr><td>Le lundi<\/td><td>De 19h15 \u00e0 20h45<\/td><td>Grande salle du Chateau de Soule<\/td><\/tr><\/tbody><\/table><\/figure>\n\n\n\n<p>Pour tout renseignement compl\u00e9mentaire sur l&rsquo;activit\u00e9 Hatha-Yoga et sur les places disponibles, contacter : elancorpsconscience@gmail.com<\/p>\n\n\n\n<p><\/p>\n","protected":false},"excerpt":{"rendered":"<p>Cours collectif bi-mensuel de Sophrologie \u00e0 Ramonville Deux jeudis par mois de 17h55 \u00e0 18h55 Petite salle Ch\u00e2teau de Soule Stages-ateliers de sophrologie, de qi gong \u00e0 Ramonville Les ateliers-stages &hellip; <\/p>\n","protected":false},"author":1,"featured_media":160,"parent":0,"menu_order":0,"comment_status":"closed","ping_status":"closed","template":"","meta":{"footnotes":""},"class_list":["post-43","page","type-page","status-publish","has-post-thumbnail","hentry"],"_links":{"self":[{"href":"https:\/\/elancorpsconscience.fr\/accueil\/wp-json\/wp\/v2\/pages\/43","targetHints":{"allow":["GET"]}}],"collection":[{"href":"https:\/\/elancorpsconscience.fr\/accueil\/wp-json\/wp\/v2\/pages"}],"about":[{"href":"https:\/\/elancorpsconscience.fr\/accueil\/wp-json\/wp\/v2\/types\/page"}],"author":[{"embeddable":true,"href":"https:\/\/elancorpsconscience.fr\/accueil\/wp-json\/wp\/v2\/users\/1"}],"replies":[{"embeddable":true,"href":"https:\/\/elancorpsconscience.fr\/accueil\/wp-json\/wp\/v2\/comments?post=43"}],"version-history":[{"count":95,"href":"https:\/\/elancorpsconscience.fr\/accueil\/wp-json\/wp\/v2\/pages\/43\/revisions"}],"predecessor-version":[{"id":2044,"href":"https:\/\/elancorpsconscience.fr\/accueil\/wp-json\/wp\/v2\/pages\/43\/revisions\/2044"}],"wp:featuredmedia":[{"embeddable":true,"href":"https:\/\/elancorpsconscience.fr\/accueil\/wp-json\/wp\/v2\/media\/160"}],"wp:attachment":[{"href":"https:\/\/elancorpsconscience.fr\/accueil\/wp-json\/wp\/v2\/media?parent=43"}],"curies":[{"name":"wp","href":"https:\/\/api.w.org\/{rel}","templated":true}]}}