{"id":43,"date":"2026-09-02T14:28:03","date_gmt":"2026-09-02T12:28:03","guid":{"rendered":"http:\/\/elancorpsconscience.fr\/?page_id=43"},"modified":"2026-09-02T18:04:29","modified_gmt":"2026-09-02T16:04:29","slug":"agenda","status":"publish","type":"page","link":"https:\/\/elancorpsconscience.fr\/accueil\/agenda\/","title":{"rendered":"Agenda"},"content":{"rendered":"\n<p><mark style=\"background-color:#00d084\" class=\"has-inline-color has-white-color\">Cours collectif hebdomadaire de Hatha-Yoga \u00e0 Ramonville<\/mark><\/p>\n\n\n\n<figure class=\"wp-block-table\"><table><tbody><tr><td>Le lundi<\/td><td>De 19h15 \u00e0 20h45<\/td><td>Grande salle du Chateau de Soule<\/td><\/tr><\/tbody><\/table><\/figure>\n\n\n\n<p>Les cours sont assur\u00e9s durant toute l&rsquo;ann\u00e9e scolaire toutes les semaines du 7 septembre 2026 au 5 juillet 2027 (sauf les semaines 41, 44, 52, 53, 7, 15, ainsi que les jours f\u00e9ri\u00e9s 29 mars et 17 mai). En fonction du nombre de personnes int\u00e9ress\u00e9es, des cours pourront \u00eatre rajout\u00e9s courant juillet et\/ou ao\u00fbt.<\/p>\n\n\n\n<p>Pour tout renseignement sur l&rsquo;activit\u00e9 Hatha-Yoga et sur les places disponibles, contacter : elancorpsconscience@gmail.com<\/p>\n\n\n\n<p>L&rsquo;intervenante Alma Maria Urango : <a href=\"https:\/\/elancorpsconscience.fr\/accueil\/qui-sommes-nous\/\" data-type=\"page\" data-id=\"47\">Qui sommes-nous ?<\/a><\/p>\n\n\n\n<p>Plus d&rsquo;informations sur le cours : <a href=\"https:\/\/elancorpsconscience.fr\/accueil\/ateliers\/\" data-type=\"page\" data-id=\"165\">Cours, stages, formations<\/a><\/p>\n\n\n\n<h2 class=\"wp-block-heading\">Stages-ateliers :<\/h2>\n\n\n\n<h3 class=\"wp-block-heading\"><mark style=\"background-color:#00d084\" class=\"has-inline-color has-white-color\">Stages-ateliers de sophrologie, de qi gong \u00e0 Ramonville<\/mark><\/h3>\n\n\n\n<figure class=\"wp-block-image size-large is-resized\"><img loading=\"lazy\" decoding=\"async\" width=\"819\" height=\"1024\" src=\"https:\/\/elancorpsconscience.fr\/wp-content\/uploads\/2026\/09\/1-819x1024.jpg\" alt=\"\" class=\"wp-image-2151\" style=\"width:840px;height:auto\" srcset=\"https:\/\/elancorpsconscience.fr\/wp-content\/uploads\/2026\/09\/1-819x1024.jpg 819w, https:\/\/elancorpsconscience.fr\/wp-content\/uploads\/2026\/09\/1-240x300.jpg 240w, https:\/\/elancorpsconscience.fr\/wp-content\/uploads\/2026\/09\/1-768x960.jpg 768w, https:\/\/elancorpsconscience.fr\/wp-content\/uploads\/2026\/09\/1.jpg 1080w\" sizes=\"auto, (max-width: 819px) 100vw, 819px\" \/><\/figure>\n\n\n\n<figure class=\"wp-block-image size-large is-resized\"><img loading=\"lazy\" decoding=\"async\" width=\"819\" height=\"1024\" src=\"https:\/\/elancorpsconscience.fr\/wp-content\/uploads\/2026\/09\/2-819x1024.jpg\" alt=\"\" class=\"wp-image-2152\" style=\"width:840px;height:auto\" srcset=\"https:\/\/elancorpsconscience.fr\/wp-content\/uploads\/2026\/09\/2-819x1024.jpg 819w, https:\/\/elancorpsconscience.fr\/wp-content\/uploads\/2026\/09\/2-240x300.jpg 240w, https:\/\/elancorpsconscience.fr\/wp-content\/uploads\/2026\/09\/2-768x960.jpg 768w, https:\/\/elancorpsconscience.fr\/wp-content\/uploads\/2026\/09\/2.jpg 1080w\" sizes=\"auto, (max-width: 819px) 100vw, 819px\" \/><\/figure>\n\n\n\n<p><mark style=\"background-color:#00d084\" class=\"has-inline-color has-white-color\">Stage d\u00e9couverte de  sophrologie et de qi gong \u00e0 Ramonville le 26 septembre 2026<\/mark><\/p>\n\n\n\n<figure class=\"wp-block-image size-full is-resized\"><img loading=\"lazy\" decoding=\"async\" width=\"940\" height=\"788\" src=\"https:\/\/elancorpsconscience.fr\/wp-content\/uploads\/2026\/08\/flyer-sophroqigong-26.09-p1.jpg\" alt=\"\" class=\"wp-image-2135\" style=\"aspect-ratio:1.1929170549860204;width:667px;height:auto\" srcset=\"https:\/\/elancorpsconscience.fr\/wp-content\/uploads\/2026\/08\/flyer-sophroqigong-26.09-p1.jpg 940w, https:\/\/elancorpsconscience.fr\/wp-content\/uploads\/2026\/08\/flyer-sophroqigong-26.09-p1-300x251.jpg 300w, https:\/\/elancorpsconscience.fr\/wp-content\/uploads\/2026\/08\/flyer-sophroqigong-26.09-p1-768x644.jpg 768w\" sizes=\"auto, (max-width: 940px) 100vw, 940px\" \/><\/figure>\n\n\n\n<figure class=\"wp-block-image size-full is-resized\"><img loading=\"lazy\" decoding=\"async\" width=\"940\" height=\"788\" src=\"https:\/\/elancorpsconscience.fr\/wp-content\/uploads\/2026\/08\/flyer-sophroqigong-26.09-p2.jpg\" alt=\"\" class=\"wp-image-2136\" style=\"aspect-ratio:1.1929170549860204;width:668px;height:auto\" srcset=\"https:\/\/elancorpsconscience.fr\/wp-content\/uploads\/2026\/08\/flyer-sophroqigong-26.09-p2.jpg 940w, https:\/\/elancorpsconscience.fr\/wp-content\/uploads\/2026\/08\/flyer-sophroqigong-26.09-p2-300x251.jpg 300w, https:\/\/elancorpsconscience.fr\/wp-content\/uploads\/2026\/08\/flyer-sophroqigong-26.09-p2-768x644.jpg 768w\" sizes=\"auto, (max-width: 940px) 100vw, 940px\" \/><\/figure>\n\n\n\n<p>Les intervenantes : Fran\u00e7oise Poloni (sophrologie) Alexia Rouquette(qi gong) : <a href=\"https:\/\/elancorpsconscience.fr\/accueil\/qui-sommes-nous\/\">Qui sommes-nous ?<\/a><\/p>\n\n\n\n<p>S&rsquo;inscrire : <a href=\"https:\/\/elancorpsconscience.fr\/accueil\/tarifs\/\" data-type=\"page\" data-id=\"20\">Inscription, r\u00e8glement.<\/a><br><\/p>\n","protected":false},"excerpt":{"rendered":"<p>Cours collectif hebdomadaire de Hatha-Yoga \u00e0 Ramonville Le lundi De 19h15 \u00e0 20h45 Grande salle du Chateau de Soule Les cours sont assur\u00e9s durant toute l&rsquo;ann\u00e9e scolaire toutes les semaines &hellip; <\/p>\n","protected":false},"author":1,"featured_media":160,"parent":0,"menu_order":0,"comment_status":"closed","ping_status":"closed","template":"","meta":{"footnotes":""},"class_list":["post-43","page","type-page","status-publish","has-post-thumbnail","hentry"],"_links":{"self":[{"href":"https:\/\/elancorpsconscience.fr\/accueil\/wp-json\/wp\/v2\/pages\/43","targetHints":{"allow":["GET"]}}],"collection":[{"href":"https:\/\/elancorpsconscience.fr\/accueil\/wp-json\/wp\/v2\/pages"}],"about":[{"href":"https:\/\/elancorpsconscience.fr\/accueil\/wp-json\/wp\/v2\/types\/page"}],"author":[{"embeddable":true,"href":"https:\/\/elancorpsconscience.fr\/accueil\/wp-json\/wp\/v2\/users\/1"}],"replies":[{"embeddable":true,"href":"https:\/\/elancorpsconscience.fr\/accueil\/wp-json\/wp\/v2\/comments?post=43"}],"version-history":[{"count":106,"href":"https:\/\/elancorpsconscience.fr\/accueil\/wp-json\/wp\/v2\/pages\/43\/revisions"}],"predecessor-version":[{"id":2192,"href":"https:\/\/elancorpsconscience.fr\/accueil\/wp-json\/wp\/v2\/pages\/43\/revisions\/2192"}],"wp:featuredmedia":[{"embeddable":true,"href":"https:\/\/elancorpsconscience.fr\/accueil\/wp-json\/wp\/v2\/media\/160"}],"wp:attachment":[{"href":"https:\/\/elancorpsconscience.fr\/accueil\/wp-json\/wp\/v2\/media?parent=43"}],"curies":[{"name":"wp","href":"https:\/\/api.w.org\/{rel}","templated":true}]}}

<p><mark style="background-color:#00d084" class="has-inline-color has-white-color">Cours collectif hebdomadaire de Hatha-Yoga à Ramonville</mark></p>



<figure class="wp-block-table"><table><tbody><tr><td>Le lundi</td><td>De 19h15 à 20h45</td><td>Grande salle du Chateau de Soule</td></tr></tbody></table></figure>



<p>Les cours sont assurés durant toute l&rsquo;année scolaire toutes les semaines du 7 septembre 2026 au 5 juillet 2027 (sauf les semaines 41, 44, 52, 53, 7, 15, ainsi que les jours fériés 29 mars et 17 mai). En fonction du nombre de personnes intéressées, des cours pourront être rajoutés courant juillet et/ou août.</p>



<p>Pour tout renseignement sur l&rsquo;activité Hatha-Yoga et sur les places disponibles, contacter : elancorpsconscience@gmail.com</p>



<p>L&rsquo;intervenante Alma Maria Urango : <a href="https://elancorpsconscience.fr/accueil/qui-sommes-nous/" data-type="page" data-id="47">Qui sommes-nous ?</a></p>



<p>Plus d&rsquo;informations sur le cours : <a href="https://elancorpsconscience.fr/accueil/ateliers/" data-type="page" data-id="165">Cours, stages, formations</a></p>



<h2 class="wp-block-heading">Stages-ateliers :</h2>



<h3 class="wp-block-heading"><mark style="background-color:#00d084" class="has-inline-color has-white-color">Stages-ateliers de sophrologie, de qi gong à Ramonville</mark></h3>



<figure class="wp-block-image size-large is-resized"><img loading="lazy" decoding="async" width="819" height="1024" src="https://elancorpsconscience.fr/wp-content/uploads/2026/09/1-819x1024.jpg" alt="" class="wp-image-2151" style="width:840px;height:auto" srcset="https://elancorpsconscience.fr/wp-content/uploads/2026/09/1-819x1024.jpg 819w, https://elancorpsconscience.fr/wp-content/uploads/2026/09/1-240x300.jpg 240w, https://elancorpsconscience.fr/wp-content/uploads/2026/09/1-768x960.jpg 768w, https://elancorpsconscience.fr/wp-content/uploads/2026/09/1.jpg 1080w" sizes="auto, (max-width: 819px) 100vw, 819px" /></figure>



<figure class="wp-block-image size-large is-resized"><img loading="lazy" decoding="async" width="819" height="1024" src="https://elancorpsconscience.fr/wp-content/uploads/2026/09/2-819x1024.jpg" alt="" class="wp-image-2152" style="width:840px;height:auto" srcset="https://elancorpsconscience.fr/wp-content/uploads/2026/09/2-819x1024.jpg 819w, https://elancorpsconscience.fr/wp-content/uploads/2026/09/2-240x300.jpg 240w, https://elancorpsconscience.fr/wp-content/uploads/2026/09/2-768x960.jpg 768w, https://elancorpsconscience.fr/wp-content/uploads/2026/09/2.jpg 1080w" sizes="auto, (max-width: 819px) 100vw, 819px" /></figure>



<p><mark style="background-color:#00d084" class="has-inline-color has-white-color">Stage découverte de  sophrologie et de qi gong à Ramonville le 26 septembre 2026</mark></p>



<figure class="wp-block-image size-full is-resized"><img loading="lazy" decoding="async" width="940" height="788" src="https://elancorpsconscience.fr/wp-content/uploads/2026/08/flyer-sophroqigong-26.09-p1.jpg" alt="" class="wp-image-2135" style="aspect-ratio:1.1929170549860204;width:667px;height:auto" srcset="https://elancorpsconscience.fr/wp-content/uploads/2026/08/flyer-sophroqigong-26.09-p1.jpg 940w, https://elancorpsconscience.fr/wp-content/uploads/2026/08/flyer-sophroqigong-26.09-p1-300x251.jpg 300w, https://elancorpsconscience.fr/wp-content/uploads/2026/08/flyer-sophroqigong-26.09-p1-768x644.jpg 768w" sizes="auto, (max-width: 940px) 100vw, 940px" /></figure>



<figure class="wp-block-image size-full is-resized"><img loading="lazy" decoding="async" width="940" height="788" src="https://elancorpsconscience.fr/wp-content/uploads/2026/08/flyer-sophroqigong-26.09-p2.jpg" alt="" class="wp-image-2136" style="aspect-ratio:1.1929170549860204;width:668px;height:auto" srcset="https://elancorpsconscience.fr/wp-content/uploads/2026/08/flyer-sophroqigong-26.09-p2.jpg 940w, https://elancorpsconscience.fr/wp-content/uploads/2026/08/flyer-sophroqigong-26.09-p2-300x251.jpg 300w, https://elancorpsconscience.fr/wp-content/uploads/2026/08/flyer-sophroqigong-26.09-p2-768x644.jpg 768w" sizes="auto, (max-width: 940px) 100vw, 940px" /></figure>



<p>Les intervenantes : Françoise Poloni (sophrologie) Alexia Rouquette(qi gong) : <a href="https://elancorpsconscience.fr/accueil/qui-sommes-nous/">Qui sommes-nous ?</a></p>



<p>S&rsquo;inscrire : <a href="https://elancorpsconscience.fr/accueil/tarifs/" data-type="page" data-id="20">Inscription, règlement.</a><br></p>

<p>Cours collectif hebdomadaire de Hatha-Yoga à Ramonville Le lundi De 19h15 à 20h45 Grande salle du Chateau de Soule Les cours sont assurés durant toute l&rsquo;année scolaire toutes les semaines &hellip; </p>
